 q = s + 1063. Is q prime?
False
Is (36/(-21))/2*-406 + -1 a composite number?
False
Suppose 8*v = v + 2219. Is v prime?
True
Let s(q) = 25*q**2 + 4*q + 5. Is s(-2) composite?
False
Is (1857 - -1) + (5 - (8 + -3)) composite?
True
Let c(r) = -4*r + 7 + 2*r + r**3 - 6*r**2 + 0*r. Let a be c(7). Suppose -5*j + 4*l + 177 = 0, 4*l + a = j + l. Is j prime?
False
Let l(h) = h**3 - 4*h**2 - 5*h - 7. Let u be l(7). Suppose -2*j = j - u. Is j composite?
True
Let y = -1 - 0. Let z be (y/2)/((-5)/10). Let a(i) = 78*i**3 - 2*i**2 + 2*i - 1. Is a(z) prime?
False
Is 10*18 + (1 - 2) a composite number?
False
Let s be -4*((-13)/(-4) + -4). Suppose 0*f + 3*c = f - 409, 0 = s*f - 3*c - 1203. Is f composite?
False
Let f = 2190 - 1559. Is f composite?
False
Is (-1)/((-3)/1071*3) a prime number?
False
Let z be (-189)/(-39) + 4/26. Let x(c) = c**2 + 3*c - 5. Let t be x(4). Suppose 4*f + z*a - 99 = 0, f + 4*a - 10 = t. Is f composite?
True
Let c = 18 - 13. Suppose -c*w + 1902 = 3*p, 413 + 348 = 2*w + p. Suppose 5*k - 424 = w. Is k a prime number?
False
Suppose 5*u = -0*u - 35. Let l(n) = -n**3 - 8*n**2 - 8*n + 1. Let v be l(u). Suppose 2*c - 12 = -2*o + v, -10 = -5*o + 5*c. Is o a composite number?
True
Let h(q) be the third derivative of 3*q**4/4 + q**3/2 - q**2. Let r be h(8). Let m = r + -64. Is m prime?
True
Suppose 4*m = m + 132. Let z(j) = 165*j + 3. Let u be z(1). Suppose -m - u = -4*k. Is k composite?
False
Let f = 156 + -97. Is f a composite number?
False
Let k = -406 + 3149. Is k a prime number?
False
Let k(g) = -g**2 - 12*g. Let p be k(-8). Let q = -78 - -120. Suppose -2*u + q = -p. Is u a composite number?
False
Suppose -5*n = -p - 2 - 8, -4*n + 2 = -2*p. Suppose -n*l + 4 = 1. Is l + (1 - (-22 - -3)) a composite number?
True
Let w = 165 + -78. Is w a composite number?
True
Let o(v) = -1 + 2*v + 2 - 3*v - 5*v**2 + 0*v**3 - 2*v**3. Is o(-4) a prime number?
True
Let l be ((-1)/(-3))/((-5)/(-15)). Let c = -1 + -1. Is (l + -2)/(c/158) a composite number?
False
Suppose -s - k - 101 = -2*s, -96 = -s + 2*k. Is s a composite number?
True
Suppose 0 = -s - s + 8. Suppose -s*b - 226 = -2*k, k + b = 2*b + 113. Is k composite?
False
Let t = -56 - -449. Is t a composite number?
True
Let b be (-2 + -36)/(2/(-15)). Suppose 0 = 3*m + 84 - b. Is m composite?
False
Let b(t) = 114*t**2 - t. Let j be b(1). Let n be ((-60)/(-16))/((-9)/264). Let z = j - n. Is z composite?
False
Let n(i) = -11*i. Let w be n(-6). Suppose -w - 56 = -2*q - 5*k, -2*q - 2*k + 134 = 0. Suppose -d = -5*l + q, d = 2*l - 3*d - 32. Is l a composite number?
True
Let q = 225 + 182. Is q a prime number?
False
Let p = -10 + 15. Suppose 5*q - 235 = -p*u, 2*u = 4*q - 2*u - 180. Is q a composite number?
True
Let s = -1 + -1. Let w be (-10 + (2 - 2))*s. Let o = w - -51. Is o a prime number?
True
Let n = -138 - -86. Suppose 0 = -2*a + 6*a - 168. Let o = a - n. Is o prime?
False
Let k(i) = -i**2 - 11*i - 10. Let a be k(-10). Suppose a*x + 92 = 2*x. Is x composite?
True
Let s = 110 + 1. Is s a composite number?
True
Suppose 89 = 2*p - 3*j, -j - 10 - 32 = -p. Is p prime?
True
Let a = 327 - 171. Suppose 3*r - 291 = a. Is r prime?
True
Is (-2)/(-8) - 2185*(-18)/24 a composite number?
True
Let t = -478 + 1875. Is t a composite number?
True
Let c be (-1)/((-1)/(-295))*2. Let v = 931 + c. Is v a prime number?
False
Suppose -15 = -s + 2*q, 4*q + 13 = 3*s - 2*s. Suppose 0*o + 13*o - 52 = 0. Is s*o - (-4)/(-4) a composite number?
False
Is ((-1110)/(-1))/5 + -3 prime?
False
Suppose 3*u - 1116 = 1347. Is u a prime number?
True
Let r(s) = 36*s**3 - 7*s**2 + s - 3. Is r(5) a composite number?
False
Suppose -2*r - 5*b = 3, 6*r + 9 = 4*r + b. Let f be r/26 - 6/(-39). Suppose -a = -f*a - 93. Is a prime?
False
Let r be (-378)/24*(-16)/(-6). Is 47/7 - 12/r composite?
False
Suppose 5*p - 5*r - 27 = -2*r, 4*r = 4. Suppose 5*k - 4 = -19. Let c = p + k. Is c a composite number?
False
Suppose 0 = 5*h - 477 - 73. Suppose 0 + h = p. Let z = p - 19. Is z a composite number?
True
Let d = 1 - -1. Suppose -f = -d*v - 48, -24 = v - 0*v - 5*f. Is v/(-1) + 4/(-2) composite?
True
Let y be 0/(-2) - (-2)/1. Suppose 3*v = y*v + 25. Is v composite?
True
Let l = 95 - -162. Is l composite?
False
Let v(b) = b + 3. Let q be v(-3). Suppose -w + q*w = 168. Let t = -13 - w. Is t a composite number?
True
Suppose 0 = -4*j + 3*j - 43. Let f = j + 120. Is f prime?
False
Suppose 3*o + 0*o - 12 = -2*v, -4*v + 18 = 3*o. Let z(h) = 3*h + 1 + 3 - o*h. Is z(10) a composite number?
True
Let m = 7 + -13. Is 1*74*(-3)/m prime?
True
Let a = 397 + 256. Suppose 2*g + a = 3*x, -3*x = 2*g - 0*g - 637. Is x a composite number?
True
Let a(p) = p - 4. Let j be a(0). Let l be 2/j - (-244)/(-8). Is 2 + (-3 + 1 - l) prime?
True
Suppose -44 = -4*k + 52. Suppose 0 = v - 163 - k. Is v composite?
True
Let i = -84 + 86. Suppose 2*n + 242 = 5*h + 68, -3*n - 5*h - 261 = 0. Is -1 - n - 2/i a composite number?
True
Let s = 17 + -9. Is 2/s + 662/8 a prime number?
True
Suppose -o - 71 = -2*f - 4*o, 0 = -2*f - 4*o + 70. Is f prime?
True
Let q = -9 - -1. Let u = 5 - 16. Let d = q - u. Is d prime?
True
Let v be 12/18*6/(-4). Let s(f) = -75*f - 1. Is s(v) a prime number?
False
Let q(c) = c**3 + 5*c**2 - 8*c - 8. Let a be q(-6). Suppose 5 = a*w + 3*m, 2*w + 4*m + 2 = w. Suppose 0*y + 4*u - w = -5*y, 4*u + 6 = -y. Is y a prime number?
True
Let v be -3 + (-191 - -2) + -1. Let w = v - -320. Is w composite?
False
Suppose 0 = 2*j - 0*j. Is 13*11 - j/(-13) a composite number?
True
Suppose -4*i - 1 = 3*u, -2*i + i = 3*u - 11. Suppose u*o + 106 = 341. Is o prime?
True
Let i(k) = -k**3 + k**2 + 3*k + 1177. Is i(0) a prime number?
False
Let c = -279 - -836. Is c prime?
True
Let g be 4/14 - (-220)/14. Suppose 3*t = -t + g. Suppose -t*k + p = -55, -p = 5*k - 0*k - 62. Is k a composite number?
False
Let d(t) = 2*t**2 - 9*t + 5. Let f be d(-8). Suppose -g + 277 = 4*h, f = 4*h - g - 70. Is h a prime number?
False
Let m(j) = j - 5. Let t be m(8). Suppose -2*z - 143 = -t*z. Is z a prime number?
False
Let h = 131 - 52. Is h prime?
True
Let b(g) = 4*g**3 + 2*g - 1. Suppose -6 = -2*x - x. Is b(x) a composite number?
True
Let w(o) = o**2 - 6*o - 2. Let d be w(7). Let u(k) = k**2 - 6*k + 7. Let l be u(d). Is 2*((-293)/l)/(-1) a prime number?
True
Let q(g) = -2 + 3 - g**3 + 8*g - 6*g**2 - 2*g. Let j be q(-7). Suppose j = z + 2. Is z a prime number?
False
Let i(t) be the third derivative of -11*t**6/120 - t**5/60 - t**4/12 + t**3/6 - t**2. Is i(-2) composite?
False
Suppose 4*v = 3*u + 23, 3*v = 2*u - u + 11. Suppose -291 = -v*a - a. Is a composite?
False
Suppose 5*a + 3*u - 1845 = 793, -3*u = -a + 542. Suppose -a = -2*l - 3*l. Is l composite?
True
Let f(n) = -54*n + 25. Is f(-12) composite?
False
Let s(r) = r**2 - 6*r - 1. Let u be s(6). Let g(b) = -191*b. Is g(u) a composite number?
False
Suppose 0 = -l - 1 - 3, 3*a - 2051 = -4*l. Is a composite?
True
Let l = -15 + 23. Suppose -238 = -5*g - l. Is g composite?
True
Let o be 2/6*-179*3. Let w = 308 + o. Is w a composite number?
True
Let g = 0 - -2. Suppose 0 = g*d - 112 - 66. Is d prime?
True
Let m = 121 - -130. Is m a composite number?
False
Suppose 2733 = -2*g + 5*g. Is g composite?
False
Let o(c) be the third derivative of -4*c**4/3 + c**3/2 - 10*c**2. Suppose 4*t + 3*q + 47 = 12, 3*t - 10 = 5*q. Is o(t) composite?
False
Is (-3 - (-343)/4)/(3/12) a composite number?
False
Suppose 0 = -4*o + 1542 + 938. Suppose 0 = -5*t + 675 + o. Is t a prime number?
False
Suppose 4*c + 21 = 4*l + 3*c, 5*l = -4*c. Suppose -l*o + 748 = 104. Is o prime?
False
Let n(i) = 21*i + 1. Let p be n(8). Let s = -20 + p. Is s a composite number?
False
Let s(w) = 7*w**3 - 11*w**2 - 7*w + 18. Is s(7) a prime number?
True
Suppose -420 = -3*l - 5*h, 4*l - 333 = -h + 244. Is l prime?
False
Let c(s) be the second derivative of 5*s**4/12 + s**3/2 + 3*s**2/2 - s. Let a(g) be the first derivative of c(g). Is a(5) prime?
True
Suppose -q + 6 = q. Is (131/(-2))/(q/(-6)) prime?
True
Is (-19)/(-3) + -7 - (-9809)/3 composite?
True
Suppose 0 = 3*x + 2*x - 10, -4*o + 3*x + 6 = 0. Let s = -9 + 14. Suppose -5*k + 10 = 0, o*c - s*k = c + 28. Is c composite?
False
Suppose 4*n - 3*n = 79. Is n a prime number?
True
Suppose 0*l - 5573 = -4*o - 3*l, o + 2*l = 1387. Is o prime?
False
Let x = -146 + 213. Is x a composit